p. What is the tens digit of t?
2
Let m(j) = j**2 - 6*j + 6. What is the units digit of m(8)?
2
Let b(w) = 3*w - 4. Let t be b(3). Suppose 3*f - 25 = t. What is the tens digit of f?
1
Let v(k) = 6*k - 6. Let s = -21 - -37. Suppose 3*u - s = -u. What is the tens digit of v(u)?
1
Suppose 8 - 5 = -i. What is the units digit of 8 - (-2 - (i + 3))?
0
Suppose -3*k + 5 = -4. Suppose -3*s - 45 = 3*d - 6*d, -4*d - k*s = -25. What is the units digit of d?
0
Let r(g) = g**3 + 9*g**2 - 14*g - 8. Let a be r(-10). Suppose 2*j - a = j + 5*d, 5*d = -4*j + 28. What is the units digit of j?
2
Let r = -26 + 60. Let h = 69 - r. Suppose -3*y - 2*y = -h. What is the units digit of y?
7
Let n = -16 - -2. Let w = -3 - n. What is the tens digit of w?
1
Suppose -2*u = -2*y - 14, -2*y = 5*u - 3*y - 19. Suppose -14 - 2 = -2*s - 3*x, u*s - 18 = -3*x. What is the units digit of 8 - (-1 + 1 + s)?
6
Suppose 1673 + 1063 = 12*f. What is the tens digit of f?
2
Let l(d) = -d**2 + 10*d - 8. What is the units digit of l(8)?
8
Suppose 0 = -5*g - 0*g + 115. What is the units digit of g?
3
Suppose 109 = 4*j + 25. What is the units digit of j?
1
Let m(a) = -a**3 - 3*a**2 + 3*a + 6. Let u be m(-4). Let v = 15 - u. What is the units digit of v?
5
Let z = -54 - -91. What is the tens digit of z?
3
Suppose -2 = -5*m + 3. Let s(r) = -2*r**2 - r + 1. Let b be s(m). Let n = b - -4. What is the units digit of n?
2
Let t = 3 + -3. Let d = 3 + t. Suppose -d*h = -0*q + 4*q + 3, -3*h = -2*q - 15. What is the units digit of h?
3
Suppose -4*u + 548 = -3*c, 0*c = -2*u - 3*c + 292. What is the tens digit of u?
4
Suppose -156 = -2*k - 2*k. What is the units digit of k?
9
Let s(h) = -4*h + 6*h + 2*h - 1. Let g be s(-2). What is the units digit of (-24)/g - (-2)/(-3)?
2
Let j(b) = 21*b**2 - 5. What is the tens digit of j(2)?
7
Let l be (-4)/10 + 26/(-10). Let o be l/(-2 - 27/(-12)). What is the units digit of 2/6 + (-164)/o?
4
Suppose -5*b = 3*d - 909, -4*d - 3*b + 879 + 333 = 0. What is the units digit of d?
3
Let g = -5 - -6. What is the units digit of (g + -2)/((-3)/21)?
7
Suppose 25 = 4*a - 2*u + 3, 24 = 5*a + u. Suppose 3*z = -v + 80, -6*v + 150 = a*z - v. What is the units digit of z?
5
Suppose 3*i + 5*z - 49 = 0, 0*i + 2*i + 3*z - 33 = 0. Let g be 4/i + 48/27. Suppose -g*u = 3 - 23. What is the units digit of u?
0
Suppose -j + 1 = 3*y, -j - 42 = -3*j + 2*y. What is the tens digit of j?
1
Suppose 0 = a - 3 - 1. Suppose 4 = -3*z - 4*r + 14, 12 = 4*z + a*r. What is the units digit of z?
2
Suppose -20 = -7*s + 2*s. Suppose -52 = -3*l - s*n, -l = 4*l + 5*n - 85. What is the tens digit of l?
1
Suppose 0 = -4*t - o + 9, -2*t + 3*t - 4*o = -19. What is the units digit of t?
1
Let y(f) = -11*f - 62. What is the hundreds digit of y(-22)?
1
Suppose 0 = -6*k + 1313 - 149. What is the tens digit of k?
9
What is the hundreds digit of (-2)/(-15) - (-8859)/45?
1
Suppose -2 = 5*n - 12. Suppose 10 = 2*m - n*z, 0*z + 4 = 4*m + 4*z. Suppose m*j - j - 64 = -3*l, -2*j + 46 = 2*l. What is the units digit of l?
8
Suppose -10*a + 607 + 203 = 0. What is the tens digit of a?
8
Let d = 43 - 46. Suppose -2*j = 3*j - 45. What is the tens digit of (-64)/d + 6/j?
2
Suppose -11 = -5*o + 129. Let y(r) = -r + 1. Let j be y(-7). Suppose -4*t = -j*t + o. What is the units digit of t?
7
Suppose 0 = -2*u - 2*u. Suppose u = 4*m - 4 - 12. What is the units digit of m?
4
Suppose 0 = 17*b - 21*b + 624. What is the tens digit of b?
5
Let v(g) = 3*g**2 - 1. Let z be v(1). Suppose -40 = -s - 4*f, -s + z*f = -3 - 43. What is the units digit of s?
4
Suppose 3*y - d - 31 = 0, -3*d - 2*d + 43 = 3*y. Let f be (-2)/3 - y/(-3). Suppose 0 = f*q + q - 28. What is the units digit of q?
7
Suppose -3*l - 4*r + r + 90 = 0, -r - 45 = -2*l. What is the units digit of l?
5
Suppose -2*u - 6 = -2, -u + 47 = z. Suppose 0 = 4*y - 3*k - z, 2*y - 30 = k - 5*k. What is the tens digit of y?
1
Let r = 29 + 41. What is the tens digit of r?
7
What is the tens digit of 6/(-27) + 508/18?
2
Let c = -8 + 13. Suppose -3*s = -c*b + 28, -5*s + 0 - 5 = 0. What is the units digit of b?
5
Let f = 108 + -65. What is the tens digit of f?
4
Let t(l) = -l**3 - 12*l**2 - 11*l + 9. Let x be t(-11). Let y = 14 - x. What is the units digit of y?
5
Let l(c) = -c**3 - c**2 + c - 3. What is the units digit of l(-4)?
1
Suppose 0 = 5*v - 4*f - 125, 5*v + 4*f - 77 = 48. What is the tens digit of v?
2
Suppose -2*t = 8*t - 340. What is the units digit of t?
4
Suppose -3*p = -4*l + 5 + 15, 3*l - p - 20 = 0. What is the units digit of l/(-32) - (-17)/4?
4
Suppose 0 = -4*b + 471 + 165. What is the tens digit of b?
5
Let r(n) = 72*n. What is the units digit of r(1)?
2
Let i(f) be the third derivative of f**5/60 + f**4/4 + 2*f**3/3 - 4*f**2. What is the units digit of i(-6)?
4
Suppose -4*w + 0*w = 5*a + 13, -3*a - 5 = w. What is the tens digit of (w + 3)/(3/51)?
1
Suppose 55 + 61 = 2*w. What is the tens digit of w?
5
Suppose 4*f = 2*c - 24, -2*f = c - 7*f. What is the tens digit of c?
2
Suppose -4*u = -9*u + 4*x + 529, -2*u = x - 209. What is the tens digit of u?
0
Let g be (8/(-3))/((-1)/3). Let c = 31 - g. Let d = c - 14. What is the units digit of d?
9
Suppose 0 - 12 = -3*u. Let z be u/3*(-90)/(-12). Suppose -2*y - 5*s = -z, 0*s - 8 = -y - s. What is the units digit of y?
0
Let n = 101 + -51. What is the units digit of n?
0
Let r = -16 - -19. What is the tens digit of -1 + 2 - (-36)/r?
1
Suppose -9 = -2*h + h. Let m(j) = -j**3 + 9*j**2 + 2*j + 7. What is the tens digit of m(h)?
2
Let w be (-6)/(-4)*8/6. Suppose w = -3*j + 8. What is the units digit of j?
2
Suppose -4*j - 3*a + a = -4, -4*j - 4 = 4*a. Suppose 0*v + 9 = j*v. Suppose -t - b = v*b - 19, -5*t + 29 = -2*b. What is the units digit of t?
7
Let g = 0 - 3. Let j = -1 + g. Let b = 6 + j. What is the units digit of b?
2
Let s be (-18)/(-7) + (-3)/(-7). Let l(x) = 6*x - 9. Let b(i) = -3*i + 4. Let p(t) = -13*b(t) - 6*l(t). What is the tens digit of p(s)?
1
Let o(a) = a**2 - 8*a + 6. Let p be o(5). Let r(c) = c**3 + 9*c**2 - 2*c - 7. What is the tens digit of r(p)?
1
What is the tens digit of -1 + (29 - 4/4)?
2
Suppose -4*f - f = -x + 12, -2*f = 2*x - 24. Let i = 13 - x. What is the units digit of i?
1
Let m be ((-7)/2 - -2)*-6. Let d(n) = n**3 - 7*n**2 + 9*n + 10. Let t(q) = -q**2. Let o(l) = d(l) + 3*t(l). What is the units digit of o(m)?
0
Let o(n) = -n**3 + 7*n**2 + 8*n + 1. Let y be o(8). Let z be ((-6)/18)/(y/9). What is the tens digit of z - -9*4/2?
1
Let l = -6 - -10. Let h(c) = l*c - 1 - 5 + 4. What is the units digit of h(2)?
6
Let r(k) be the second derivative of 1/6*k**3 - k + 0 + 0*k**2. What is the units digit of r(4)?
4
What is the units digit of (-4)/20 - 81/(-5)?
6
Suppose -3*a = 7 - 4. What is the tens digit of (24/(-32))/(a/40)?
3
Let f be (-3)/(-12) + 25/(-4). What is the units digit of (3 - -1)/(f/(-15))?
0
Suppose -l = -3*z + 206, 5*z - 101 = 4*l + 233. What is the tens digit of z?
7
Let i = 17 + -8. Suppose m = -2*l + 12, -38 = -4*m - 4*l - 2. Let o = m + i. What is the units digit of o?
5
Suppose -x + 2*a = -232, 0*x + 248 = x + 2*a. What is the units digit of x?
0
Let c(f) = f**2 - 14*f + 11. What is the units digit of c(14)?
1
Let h(d) = -2*d - 17. Let b(t) = -t - 9. Let g(a) = 11*b(a) - 6*h(a). Let r be g(-3). Suppose r*p - 2 = -p. What is the units digit of p?
2
Let y(m) = -m**3 + 3*m**2 - 2*m - 1. Let p be y(3). Let n be (-1 - -4) + 18/(-2). Let o = n - p. What is the units digit of o?
1
Let v(c) = c**2 - 4*c + 163. What is the units digit of v(0)?
3
Let s = 108 + -64. Suppose -s = -2*z - 0*z. What is the tens digit of z?
2
Let w(s) = s**2 - 3*s. Suppose 4 = -4*m + 5*m. Let q be w(m). Suppose 5*n - 56 = 3*g, -n + 4*n - q*g = 38. What is the tens digit of n?
1
Let x(a) = -a + 6. Let y be x(-7). Suppose 0 + 5 = p + 2*d, p + 4*d - y = 0. Let o(l) = -l - 2. What is the units digit of o(p)?
1
Suppose 4*u = -12, 0 = -2*y - y - 3*u - 12. Suppose -13*l = -10*l + 6. Let m = y - l. What is the units digit of m?
1
Suppose 0 = -4*r + 3*r - 8. What is the tens digit of (-57)/(-4) - (-2)/r?
1
Let s = 14 - 11. Let z(c) = 2*c**2 - 2*c - 1. What is the units digit of z(s)?
1
Let b be (-2)/4*2 + 3. Suppose -p + 2 = b*o - 4, -3*o = 3*p - 15. Suppose -5*u = -1 - p. What is the units digit of u?
1
Let a be 46/(-6) - 4/(-6). Let f 